to base 11.
154
-132213 (base 4) to base 2
-11110100111
-1313 (base 5) to base 15
-dd
1225 (base 11) to base 10
1600
What is 1111111101111101 (base 2) in base 12?
31a25
-115631 (base 7) to base 10
-21239
27274 (base 10) to base 15
8134
What is 233b (base 13) in base 11?
37a1
2401 (base 8) to base 3
1202110
What is 282 (base 14) in base 11?
420
Convert 2515 (base 6) to base 4.
21233
What is 100345 (base 7) in base 5?
1020422
-1101010001100011 (base 2) to base 9
-82522
What is 161c1 (base 15) in base 9?
117701
Convert -5762 (base 10) to base 5.
-141022
Convert -23360 (base 9) to base 15.
-4956
-612 (base 9) to base 3
-200102
Convert 3022 (base 5) to base 3.
112100
Convert -12542 (base 6) to base 4.
-132032
12128 (base 9) to base 7
32456
-2580 (base 13) to base 3
-21022220
What is 19e5 (base 16) in base 2?
1100111100101
Convert -23662 (base 8) to base 4.
-2132302
Convert -101d9 (base 14) to base 8.
-113623
Convert 10316 (base 9) to base 3.
100100120
What is 3731 (base 8) in base 3?
2202102
Convert 160 (base 13) to base 14.
139
Convert 4520 (base 10) to base 4.
1012220
What is 78 (base 16) in base 3?
11110
5711 (base 13) to base 11
9175
Convert -12044 (base 7) to base 5.
-44434
-3331222 (base 4) to base 10
-16234
What is 421 (base 9) in base 2?
101010111
Convert -2400 (base 6) to base 4.
-21000
What is -102562 (base 7) in base 14?
-66a2
-548 (base 10) to base 6
-2312
Convert -35106 (base 7) to base 2.
-10001100001101
Convert -1ac1 (base 14) to base 11.
-3730
111120100 (base 3) to base 6
113443
Convert 12 (base 14) to base 7.
22
Convert 1001011010111 (base 2) to base 7.
20030
Convert -49 (base 15) to base 13.
-54
Convert 2203010 (base 4) to base 5.
313221
What is 2b22 (base 14) in base 7?
31242
What is d23 (base 15) in base 11?
224a
What is 92a8 (base 11) in base 13?
5802
Convert 89d6 (base 15) to base 6.
343150
What is -5255 (base 6) in base 3?
-1121222
318 (base 14) to base 9
747
What is b65 (base 16) in base 6?
21301
What is -20203 (base 4) in base 15?
-267
What is 14d2 (base 14) in base 2?
111010000000
Convert -19a (base 16) to base 3.
-120012
What is -31431 (base 7) in base 10?
-7764
What is 1b55 (base 14) in base 15?
171a
What is -1480 (base 10) in base 2?
-10111001000
What is -101011001 (base 2) in base 6?
-1333
What is 16315 (base 9) in base 12?
6588
-1241141 (base 5) to base 10
-24546
-6cb9 (base 15) to base 6
-255020
22588 (base 11) to base 6
411045
Convert -13a31 (base 12) to base 8.
-65405
What is -201202 (base 3) in base 15?
-258
What is -5081 (base 14) in base 11?
-a436
Convert -1148 (base 9) to base 15.
-3be
-10102001 (base 3) to base 11
-195a
What is 2031 (base 4) in base 12?
b9
36b (base 12) to base 9
632
Convert -180 (base 13) to base 7.
-540
What is -101001100110110 (base 2) in base 11?
-15006
What is 15306 (base 7) in base 10?
4269
Convert -48c (base 15) to base 16.
-408
-130424 (base 6) to base 5
-334244
Convert 112220212 (base 3) to base 12.
6365
-101000 (base 2) to base 12
-34
Convert 325205 (base 7) to base 6.
1120025
What is 56406 (base 7) in base 8?
33671
What is -20100 (base 3) in base 6?
-443
Convert 24002 (base 5) to base 15.
7bc
Convert 11b (base 16) to base 15.
13d
What is 1020220 (base 3) in base 6?
4123
-213133 (base 4) to base 7
-10240
What is 12022 (base 5) in base 11?
737
Convert -22771 (base 9) to base 8.
-35553
1043 (base 5) to base 11
125
2184 (base 15) to base 7
26461
5005 (base 7) to base 12
bb4
What is -b51 (base 15) in base 12?
-1587
What is 394 (base 15) in base 5?
11224
Convert -23323 (base 5) to base 13.
-a1a
-30104 (base 5) to base 4
-131300
What is -10310203 (base 4) in base 3?
-1000002101
What is -120111022 (base 3) in base 14?
-418a
What is 132203 (base 5) in base 6?
40315
What is -a1e (base 15) in base 9?
-3112
What is 21bb (base 12) in base 2?
111010011111
-71ba (base 12) to base 16
-305e
What is 205 (base 14) in base 11?
331
Convert -a11 (base 13) to base 12.
-ba0
What is -b95c (base 14) in base 13?
-1176b
Convert -30339 (base 12) to base 5.
-4001220
What is -7b3 (base 14) in base 13?
-908
What is -6023 (base 10) in base 16?
-1787
-100101101000 (base 2) to base 9
-3265
What is 200 (base 12) in base 3?
101200
Convert 385 (base 10) to base 11.
320
What is -a51 (base 13) in base 11?
-1357
Convert 32b (base 12) to base 7.
1235
Convert 4859 (base 12) to base 6.
101353
Convert 90 (base 10) to base 14.
66
What is 266 (base 13) in base 4?
12212
-8c (base 15) to base 12
-b0
Convert 135 (base 8) to base 15.
63
What is 36433 (base 7) in base 5?
300411
What is 23550 (base 9) in base 13?
7233
Convert -7433 (base 10) to base 13.
-34ca
What is 194 (base 14) in base 8?
506
-12103 (base 4) to base 12
-297
What is -1d7 (base 16) in base 7?
-1242
What is 334304 (base 5) in base 14?
444d
Convert -122303 (base 5) to base 3.
-20110012
-7513 (base 8) to base 13
-1a22
-15d (base 15) to base 11
-265
What is -33eb (base 16) in base 3?
-200020021
What is 1000010101 (base 2) in base 6?
2245
Convert -97c2 (base 13) to base 11.
-14955
2aa (base 11) to base 9
442
a260 (base 14) to base 16
6d0c
What is 5f5c (base 16) in base 9?
36434
-226 (base 13) to base 8
-562
Convert -2505 (base 8) to base 4.
-111011
10102 (base 4) to base 9
334
Convert 248 (base 10) to base 12.
188
What is 1761 (base 11) in base 15?
9ea
What is -223305 (base 6) in base 11?
-13227
Convert -2112000200 (base 3) to base 5.
-3041330
9b6 (base 12) to base 7
4116
-955 (base 14) to base 3
-2112010
-122232 (base 4) to base 6
-11530
Convert 2101020 (base 3) to base 16.
6c6
Convert -12a (base 14) to base 8.
-352
What is 313133 (base 5) in base 9?
15255
What is 2ba (base 14) in base 13?
33a
Convert 661a (base 12) to base 7.
44545
What is 44904 (base 11) in base 9?
108121
103242 (base 6) to base 10
8522
Convert 6e19 (base 15) to base 11.
16665
Convert -25366 (base 8) to base 5.
-322443
-1100101010 (base 2) to base 13
-4a4
What is 320 (base 11) in base 2?
110000001
What is -764 (base 16) in base 10?
-1892
110011110 (base 2) to base 12
2a6
-4682 (base 9) to base 16
-d94
What is -211302 (base 4) in base 2?
-100101110010
Convert 509 (base 10) to base 16.
1fd
1097 (base 10) to base 8
2111
Convert 1377 (base 10) to base 4.
111201
-14471 (base 8) to base 6
-45521
-3138 (base 12) to base 16
-14fc
What is a20 (base 14) in base 3?
2201122
140322 (base 5) to base 3
21211120
30030 (base 4) to base 12
550
What is -571 (base 9) in base 5?
-3334
What is -154 (base 13) in base 6?
-1034
1011220212 (base 3) to base 16
5ae6
What is 36371 (base 9) in base 15?
7344
What is 220 (base 4) in base 6?
104
Convert 406 (base 8) to base 10.
262
What is 1104 (base 6) in base 15?
121
-31067 (base 8) to base 4
-3020313
-9408 (base 12) to base 16
-3f08
What is -5676 (base 10) in base 4?
-1120230
What is 22 (base 6) in base 14?
10
-1101101 (base 4) to base 5
-131301
What is -8634 (base 12) in base 9?
-22174
-13201 (base 5) to base 13
-62b
Convert 10b71 (base 13) to base 2.
111011100110000
Convert 202011101 (base 3) to base 9.
22141
Convert -316 (base 10) to base 11.
-268
Convert -1422 (base 5) to base 4.
-3231
-222405 (base 6) to base 4
-10210211
Convert -238 (base 11) to base 10.
-283
Convert 10200 (base 5) to base 11.
564
What is -94b (base 15) in base 12?
-1268
What is -279b (base 13) in base 14?
-2117
What is 67 (base 11) in base 15?
4d
What is 6530 (base 8) in base 2?
110101011000
What is -2217 (base 10) in base 9?
-3033
What is -2504 (base 7) in base 11?
-780
What is -2de (base 15) in base 2?
-1010010011
5 (base 16) to base 13
5
-5224 (base 6) to base 16
-490
-23430 (base 9) to base 3
-210111000
What is 7152 (base 8) in base 5?
104230
1ac90 (base 13) to base 10
52676
Convert -11001110010 (base 2) to base 4.
-121302
-5465 (base 7) to base 9
-2615
What is 3504 (base 7) in base 6?
5530
Convert -5b1 (base 16) to base 14.
-761
Convert 1732 (base 9) to base 3.
1211002
107866 (base 9) to base 16
fd5c
-90 (base 12) to base 2
-1101100
What is 21552 (base 6) in base 2?
101111001100
Convert -2547 (base 10) to base 5.
-40142
-21001 (base 5) to base 7
-4004
Convert 2123 (base 9) to base 5.
22220
Convert 490 (base 10) to base 7.
1300
-1130012 (base 5) to base 2
-101000010011000
Convert 251 (base 8) to base 9.
207
-414 (base 15) to base 3
-1021001
What is -1030313 (base 4) in base 10?
-4919
-3132 (base 5) 